 2200005?
45
What is the greatest common factor of 7624 and 514372220?
3812
What is the highest common factor of 12 and 143195187?
3
Calculate the greatest common factor of 33603431 and 7367.
53
What is the highest common divisor of 450 and 81414?
18
Calculate the greatest common factor of 919567 and 220.
11
Calculate the highest common divisor of 11635 and 5999185.
895
Calculate the highest common factor of 612 and 176421348.
36
Calculate the highest common factor of 594 and 156750552.
54
What is the greatest common divisor of 157872 and 316848?
1104
Calculate the greatest common factor of 2554840 and 920.
920
Calculate the highest common factor of 1946250 and 6055.
865
What is the highest common factor of 444333 and 555?
111
Calculate the greatest common factor of 632298 and 10761.
51
What is the greatest common divisor of 57891468 and 16003?
1231
What is the greatest common divisor of 42787195 and 122375?
4895
Calculate the highest common factor of 2 and 517742.
2
What is the highest common divisor of 324224043 and 429?
429
What is the highest common divisor of 344 and 138245?
43
What is the greatest common factor of 6807803 and 4556?
1139
What is the highest common factor of 1199536881 and 193?
193
What is the highest common factor of 80 and 203023580?
20
What is the highest common factor of 928376 and 196?
4
What is the highest common factor of 473731 and 11653?
43
Calculate the highest common divisor of 45476241 and 6579.
2193
Calculate the highest common factor of 2181900 and 504.
84
What is the highest common divisor of 20653 and 14237526?
1087
What is the highest common factor of 943331 and 37335?
2489
What is the greatest common divisor of 112450 and 42120?
130
Calculate the highest common factor of 350719804 and 823.
823
What is the highest common divisor of 881792 and 432?
16
Calculate the highest common factor of 16 and 54351456.
16
What is the highest common divisor of 54 and 9994158?
54
What is the highest common factor of 1584 and 14170320?
144
What is the highest common divisor of 4736 and 181476416?
2368
What is the greatest common factor of 32657 and 3756007?
113
What is the highest common divisor of 24621104 and 11254?
662
Calculate the highest common factor of 5883 and 46404945.
159
Calculate the greatest common divisor of 5633016 and 204768.
1896
Calculate the highest common factor of 1105949 and 12961.
13
Calculate the greatest common divisor of 30 and 1112521785.
15
Calculate the highest common divisor of 1960 and 23051880.
40
What is the greatest common factor of 6 and 519219453?
3
Calculate the greatest common factor of 15901000 and 125.
125
What is the greatest common factor of 4 and 169951604?
4
What is the greatest common divisor of 9350 and 331816540?
1870
Calculate the greatest common factor of 354483 and 78275098.
13129
Calculate the highest common divisor of 1204320 and 49088.
416
Calculate the highest common factor of 24870238 and 470.
94
Calculate the highest common divisor of 8450 and 2595840.
1690
Calculate the greatest common factor of 12 and 13504332.
12
What is the highest common divisor of 289655 and 3990?
95
Calculate the highest common factor of 4890714 and 23028.
114
What is the highest common divisor of 4016790 and 4408?
1102
What is the highest common divisor of 1211226 and 4416?
138
Calculate the greatest common factor of 643 and 11389459.
643
Calculate the greatest common divisor of 13057 and 85987.
11
Calculate the greatest common divisor of 13 and 423965.
1
What is the highest common divisor of 2710 and 7640?
10
Calculate the greatest common divisor of 1889 and 945353828.
1889
Calculate the highest common factor of 1878064 and 535.
107
Calculate the greatest common divisor of 43931773 and 1281.
61
What is the greatest common divisor of 24206 and 238944?
38
What is the greatest common divisor of 36480 and 838470?
570
Calculate the greatest common factor of 1104896 and 15632552.
8632
Calculate the highest common divisor of 1014 and 1027058968.
338
What is the greatest common divisor of 356319 and 3816?
477
What is the greatest common divisor of 828 and 25405728?
12
What is the highest common factor of 1559897 and 7449?
191
What is the greatest common factor of 310515746 and 10716?
1786
Calculate the highest common divisor of 125 and 31277250.
125
Calculate the highest common factor of 526807 and 485.
97
Calculate the greatest common divisor of 34198234 and 282.
94
Calculate the highest common divisor of 230126811 and 72528.
4533
What is the greatest common divisor of 1685 and 4127913?
337
What is the greatest common factor of 521219 and 2368?
37
Calculate the greatest common divisor of 26653803 and 33.
33
Calculate the highest common divisor of 160908 and 1587828.
3036
Calculate the highest common divisor of 76351 and 252769.
121
Calculate the highest common divisor of 33740469 and 1281.
21
What is the highest common factor of 1805540510 and 10?
10
What is the greatest common divisor of 55545768 and 114?
6
Calculate the highest common divisor of 458128 and 324824.
152
What is the greatest common divisor of 31018 and 2817866?
2386
Calculate the highest common divisor of 18036 and 73972984.
668
What is the greatest common factor of 1836 and 75893652?
108
Calculate the greatest common divisor of 32400 and 117210.
30
Calculate the highest common factor of 10759 and 8289253.
371
What is the highest common divisor of 35704 and 106792?
8
What is the highest common factor of 5450 and 6500978?
218
Calculate the greatest common factor of 33039630 and 360.
90
What is the highest common factor of 5636176 and 364?
364
What is the highest common divisor of 8354865 and 793?
61
What is the greatest common factor of 4033 and 112157621?
109
What is the greatest common factor of 107939613 and 62?
31
Calculate the highest common factor of 2634 and 127650.
6
What is the highest common divisor of 17591 and 715057?
49
What is the highest common divisor of 43324096 and 48?
16
What is the greatest common factor of 45446 and 434?
62
What is the greatest common factor of 897 and 681733?
13
What is the highest common divisor of 11463999 and 6939?
771
What is the highest common factor of 18642 and 83162440?
478
What is the greatest common divisor of 10575 and 255162060?
2115
What is the greatest common factor of 572 and 3676024?
44
Calculate the highest common factor of 22026226 and 92.
46
Calculate the highest common divisor of 44270 and 2300875.
1165
Calculate the greatest common divisor of 4937112 and 44064.
648
What is the greatest common factor of 15 and 8040315?
15
Calculate the highest common divisor of 376 and 115575256.
376
What is the highest common divisor of 76 and 589062776?
76
Calculate the highest common factor of 988244426 and 754.
754
What is the greatest common factor of 1862309 and 3439?
181
What is the highest common divisor of 708617 and 723658?
169
Calculate the highest common divisor of 25 and 7484665.
5
Calculate the greatest common factor of 56328908 and 12.
4
Calculate the highest common divisor of 9355 and 15505.
5
Calculate the greatest common divisor of 123195 and 5547.
129
What is the greatest common divisor of 308 and 154814572?
44
Calculate the highest common factor of 2 and 19325253.
1
Calculate the greatest common factor of 594 and 80296623.
297
What is the highest common divisor of 131378 and 29411720?
4238
Calculate the highest common factor of 476 and 7951412.
28
What is the greatest common divisor of 2076480 and 623520?
1440
What is the greatest common divisor of 97776 and 405360?
144
Calculate the greatest common divisor of 6964 and 92.
4
What is the greatest common divisor of 1564 and 7579604?
92
Calculate the greatest common factor of 1336 and 29828204.
668
Calculate the highest common factor of 944 and 89065102.
118
What is the highest common factor of 5195785 and 129920?
1015
Calculate the greatest common factor of 93199730 and 19180.
1370
Calculate the highest common factor of 124024 and 2442.
74
What is the greatest common divisor of 112602 and 17934?
294
What is the greatest common divisor of 7615 and 41465?
5
What is the greatest common divisor of 15029 and 278489517?
2147
What is the highest common divisor of 198014 and 32820?
1094
What is the highest common divisor of 196